.
-2
Suppose 3*b - 295 = -5*j - 265, b + 3*j - 14 = 0. Let c(n) = 3 + 130*n - 3 - 135*n. Give c(b).
-25
Let z(s) = 38*s - 1 + s**3 + 5*s**3 - 38*s. Suppose 2*i - 2 = -12. Let m(v) = 12*v**3 - v - 3. Let c(x) = i*z(x) + 2*m(x). What is c(-1)?
7
Let d(z) be the second derivative of -z**5/10 - z**4/2 + 5*z**3/6 - 1023*z. Give d(-5).
75
Let b(s) be the second derivative of -49*s**3/6 + s**2/2 - s + 6415. Give b(-4).
197
Let t(n) = -22*n**3 + 73*n**2 - 36*n - 56. Let h(f) = 5*f**3 - 18*f**2 + 8*f + 14. Let v(l) = -9*h(l) - 2*t(l). What is v(16)?
-14
Let r(x) = 2*x - 159. Let n(o) = o - 174. Let w(s) = -3*n(s) + 4*r(s). Give w(25).
11
Let d = -4066 - -4082. Let h(g) = 5*g - 89. Determine h(d).
-9
Let b(y) be the first derivative of -y**2/2 - 3*y - 7. Suppose -5*p = d + 22, -4*d + p + 17 = -0*d. Suppose d*g - 6*g = 4*g. Calculate b(g).
-3
Let i = -19074 - -19075. Let h(p) = -14*p**2 - p + 2. Give h(i).
-13
Let u(a) = -13*a**2 + a + 27. Let v(j) = 2*j**2 - 4. Let d(h) = u(h) + 6*v(h). Let n(b) = -b**2 - 6*b - 5. Let g be n(-4). What is d(g)?
-3
Suppose -5*p + 108 - 13 = 0. Suppose 3*z = 5*o + p, 8 = z + z - o. Let b(g) = 2*g - 3 - z*g + 0*g. Calculate b(-4).
1
Let v(c) be the second derivative of -c**5/20 - c**4/3 - c**3/3 - c. Suppose i + 2*t + 6 = 0, 2*t + 30 - 34 = 4*i. Give v(i).
-4
Let j(s) = -s**3 + 9 - 5466*s + 5*s**2 - 9*s**2 + 5471*s. Determine j(-6).
51
Let u(y) = -8*y - 25. Let p = 8588 + -8588. What is u(p)?
-25
Let h(z) = z**2 - 230*z - 3403. Let a be h(-14). Let c(s) = 2*s**2 - 28*s - 14. Give c(a).
-40
Suppose 16 = -b - 2*n, 2*b + 5*n = 3716 - 3757. Let i(f) = 5*f**2 - 4 + 2 - 5*f**3 - 2*f**2. What is i(b)?
-30
Suppose 0 = -13*y + 31 - 109. Let s(d) be the second derivative of d**5/20 + 5*d**4/12 - 7*d**3/6 + 3*d**2 + 31*d. Give s(y).
12
Let u = -1156 + 1172. Let y(w) = -w**2 + 17*w - 23. Determine y(u).
-7
Let b(u) = -u**3 - 11*u**2 - 9*u + 22. Let o(c) = 49*c + 2783. Let g be o(-57). What is b(g)?
12
Let y(c) = -c - 1. Let i be y(3). Let g(d) = -14*d**2 - 14*d. Suppose -2*p - 33 = p. Let t(j) = -5*j**2 - 5*j. Let w(u) = p*t(u) + 4*g(u). Calculate w(i).
-12
Let b(o) = -o**3 + 3*o**2 - 1. Suppose 5*k - 162 - 1003 = 0. Let n = 236 - k. Calculate b(n).
-1
Let i(m) = -m**3 - 107*m**2 + 701*m - 129. Let s be i(6). Let a(d) = -2*d**2 + 0 + d**2 + 8*d + 8. Give a(s).
-1
Let m = -47 + 62. Suppose -12*w - m*w = 0. Let y(s) = -s + 3 - 6 - 4. Give y(w).
-7
Let l(f) be the second derivative of -f**5/10 + 20*f**4/3 + 40*f**3/3 + 73*f**2/2 - 3795*f. Give l(41).
-9
Let d(l) = 4*l + 5. Let z(w) be the second derivative of -6*w**3 + 92*w**2 + 5*w - 5. Let q be z(5). Give d(q).
21
Let i(v) = -v**2 - 10*v + 34. Suppose 2*m - 3*n + 24 = 0, 3*m - 298*n + 303*n + 36 = 0. Determine i(m).
10
Let w(p) = 7 + 5*p - 16*p + 12*p + 5*p + 0*p. What is w(8)?
55
Let y(n) = n**2 + 7*n + 14. Suppose 564 + 16 = -116*s. What is y(s)?
4
Let w(y) = y**3 - 5*y**2 - 5*y - 7. Let x be w(6). Let f(a) be the third derivative of 13*a**4/12 + a**3/6 - 5035*a**2. What is f(x)?
-25
Let m be (6/30)/((-2)/(-15))*910/(-105). Let b(p) = 2*p**2 + 43*p + 213. Determine b(m).
-8
Suppose -4*v - v + 25 = 0. Let u(r) = 3 - 2*r + r - v + 2*r**3 - r**2. Suppose 4*k - 11*t + 12*t = 11, -4*k + 2*t = -2. Give u(k).
8
Let u(l) be the first derivative of -l**3/3 - 2*l**2 + 6*l - 17. Let g = -85 - -92. Suppose -d = -z + 5, g*d - 3*d - 3*z = -22. Give u(d).
-15
Let i(p) = -716*p + 115. Let x(q) = -268*q + 39. Let n(m) = 3*i(m) - 8*x(m). Calculate n(8).
1
Let v(o) be the third derivative of o**5/60 + o**4/3 - 2*o**3/3 + 5*o**2. Suppose -297*k - 1757 = 916. Calculate v(k).
5
Suppose 0 = 73587*l - 73594*l - 42. Let m(p) = 6*p + 38. Calculate m(l).
2
Let x(z) be the first derivative of 5*z**2/2 + 2*z - 5. Let l(c) = 6*c + 2. Let f be l(2). Let h = f + -17. Calculate x(h).
-13
Let h(a) = -a - 2. Suppose 103 = -2*f - 5*t, 0 = 4*f - 2*t + 265 - 95. Let x = f - -39. Calculate h(x).
3
Let f(j) = -j**2 - 3*j - 1. Let z(p) be the first derivative of -p**4/4 - p**3/3 + 2*p**2 - 3*p - 1. Let c be z(-3). Let k be (c - 4/1)*3. What is f(k)?
-1
Let r(n) = -n**3 - 20*n**2 + 428*n - 34. Let i be r(-33). Let y(o) = o**2 + 15*o + 16. Calculate y(i).
2
Let n(k) = -9*k**3 + 2*k**2 + k. Let y(w) = 2*w**2 - 15*w + 6. Let q(p) = p**3 + 2*p**2 - p + 7. Let b be q(0). Let c be y(b). Give n(c).
10
Let u(v) = 6*v - 91. Let k be (-6)/(-21) + 220/14. Give u(k).
5
Let u(w) be the third derivative of 5*w**4/24 + 25*w**3/2 - 1901*w**2. Determine u(-17).
-10
Let z(t) be the second derivative of -t**5/20 - t**4/3 + 2*t**3/3 - 5*t**2/2 + 1286*t. What is z(-4)?
-21
Let i = 69 - 62. Suppose -2*p - q = -i*p - 17, -p - 16 = 4*q. Let f(o) = -o - 5. Let h(v) = -2*v - 9. Let r(l) = -11*f(l) + 6*h(l). Give r(p).
5
Let a be (-9)/6 + (8 - 104/16). Let c(l) = l**2 - 26*l + 8. What is c(a)?
8
Let g(l) = -l - 6. Suppose 4 = 4*r - c, -5*r - 2*c = 2 - 20. Suppose 3*q + 17 = n, 0 = -141*q + 138*q + 15. Suppose -r*w + 6*w = 0, 4*k = w + n. Determine g(k).
-14
Let p(y) = -y**3 - 12*y**2 + 11*y - 34. Let k(x) = -x**2 + 14*x - 26. Let d be k(13). Let z be p(d). Let w(q) = q**3 + 8*q**2 - 5. Determine w(z).
-5
Let p(n) = -5*n**3 + 2*n**2 + n - 1. Suppose 0 = -3*b - 2*c + 2 + 5, -5*c + 25 = 0. Determine p(b).
5
Let g(d) = d**2 + 2. Let i(y) = -y + 12. Suppose -13 = -3*v + 17. Let j be i(v). Suppose 0 = 3*x - j*t, -2*t = -5*x + t + 1. What is g(x)?
6
Let t(l) = -6*l - 18. Let z be t(-4). Suppose 0 = -7*k + z*k + 2. Let h(x) = -x**3 + 3*x**2 + 1. Give h(k).
5
Let l(u) = u**3 + 6*u**2 - 6*u + 6. Let b = -88 + 100. Let x be (-1)/((-24)/(-24) + b/(-14)). Determine l(x).
-1
Let u(c) = c**2 + 12*c + 12. Suppose -434 - 654 = 132*r - 164. What is u(r)?
-23
Let s = 772 + -778. Let j(m) = 23*m + 159. What is j(s)?
21
Let c(w) = -3*w + 2. Let u be 2 - (-13 - -6 - (2 + -1)). Let g be (-30)/24*(-4)/u*4. Suppose 2*y - 8 = s, -g*s = 4*y - 9*y + 19. Calculate c(y).
-7
Let v be -3 + (-3)/((-3)/2). Let w(d) = d + 3*d + 35 - 6*d + 26 - 109 + 7*d**2 + 47. Calculate w(v).
8
Let l(i) = 2*i + 16 + 2*i - 9. Suppose 103*h - 106*h = 75. Let y be (-5 - -1)*4*h/(-80). What is l(y)?
-13
Let o(p) = -p**3 + 4*p**2 + 6*p + 2. Suppose 3*x + 4*r + 34 = 3, 0 = -2*x - r - 14. Let v be (-10)/((-100)/54) + 2/x. Calculate o(v).
7
Suppose -6*x = -7*c + 11*c - 28, -4*x = -4*c + 8. Let v(z) = 3*z**2 - 5*z - 1. Give v(c).
27
Let n(c) = -c + 6. Let g = -22 + 6. Let y = g + 16. Suppose y = s + 4*s. Calculate n(s).
6
Suppose 2*x + 1 = -3*z, 2*x + 6 = 2*z - 10. Let g(h) = -h**3 + 81*h**2 + 0*h**z + 1 - 9*h - 72*h**2 - h. Give g(8).
-15
Suppose -6 = l + 5*c, 5*l - 3*c + c - 78 = 0. Suppose 2 = 4*j - l. Let s(q) = -14*q - 2 + 5*q**2 + 10*q + 0*q**3 - q**3 - 1. Determine s(j).
-3
Let q(i) = 59 + 60 + 38 - 146 + 4*i. Calculate q(-7).
-17
Let q(o) be the second derivative of 6*o**2 - 34*o + 0*o**3 + 1/12*o**4 + 0. What is q(0)?
12
Suppose 12*d + 6 = 14*d. Suppose 3*b + 2*g - 14 = 0, -g + 4 + 4 = 2*b. Let v(q) = -5*q + q + d*q + b - 3. Determine v(-1).
0
Let d(x) = -x**3 - 7*x**2 - 3. Let a = -510 - -709. Suppose 18*i - 73 + a = 0. What is d(i)?
-3
Let a(h) = 50*h - 217. Let u be a(4). Let d(o) = -o**3 - 19*o**2 - 31*o + 14. Calculate d(u).
-37
Let c = 8343 + -8349. Let i(b) = 63*b + 353. What is i(c)?
-25
Let k be ((-36)/10)/(21/70). Let c(q) = 7*q**2 + 0 + 516*q + 2 - 8*q**2 + 513*q - 1040*q. Calculate c(k).
-10
Let s(t) = -4*t**3 - 17*t**2 + 21*t + 19. Let r(q) = 7*q**3 + 34*q**2 - 41*q - 33. Let c(g) = -3*r(g) - 5*s(g). Determine c(-18).
4
Let i(s) = -3*s**2 - s + 1. Let j(f) = 7*f**2 + 2*f - 3. Suppose 2*a + 30 = 86. Suppose 0 = 29*w - a*w - 2. Let r(o) = w*j(o) + 5*i(o). Calculate r(-3).
-7
Let q(r) = -553*r + 182*r + 174*r + 109 + 174*r. Determine q(5).
-6
Suppose 17*f - 14*f = 18. Let w(a) = a + 1. Let h be w(7). Let p(v) = -f*v + h*v + v. Give p(-3).
-9
Let v(o) = 3*o**3 + 4*o**2 + o + 11. Let z(u) = 8*u**3 + 9*u**2 + 3*u + 33. Let a(t) = 11*v(t) - 4*z(t). What is a(-8)?
-3
Suppose -x - 2*x = -d + 23, -2*d - 3*x + 55 = 0. Let u(i) = -6*i + 3*i + d + i + i. Let q be u(21). Let n(c) = -2*c + 3. Give n(q).
-7
Let r(u) be the third derivative of u**6/720 - 7*u**5/40 + u**4/12 - 14*u**3 + 94*u**2 - 1. Let o(v) be the second derivative of r(v). Give o(15).
-6
Let d(k) be the second derivative of k**5/20 